ainder when 23206749 is divided by 1844?
9
Calculate the remainder when 2201572 is divided by 76.
4
What is the remainder when 174913 is divided by 5121?
799
Calculate the remainder when 1809506 is divided by 1417.
1414
What is the remainder when 3758121 is divided by 1591?
179
Calculate the remainder when 38693832 is divided by 634325.
7
Calculate the remainder when 11954560 is divided by 11954453.
107
What is the remainder when 1173496 is divided by 2455?
6
What is the remainder when 29587252 is divided by 63?
58
Calculate the remainder when 56153042 is divided by 186.
14
Calculate the remainder when 34535514 is divided by 41.
25
Calculate the remainder when 6481995 is divided by 206.
205
What is the remainder when 615045 is divided by 270?
255
Calculate the remainder when 1662331 is divided by 66493.
6
Calculate the remainder when 897064 is divided by 2848.
2792
What is the remainder when 35128 is divided by 528?
280
What is the remainder when 656875 is divided by 218675?
850
What is the remainder when 24098 is divided by 3946?
422
What is the remainder when 2005626 is divided by 334249?
132
Calculate the remainder when 28989164 is divided by 15636.
20
Calculate the remainder when 17585 is divided by 409.
407
What is the remainder when 15708 is divided by 2950?
958
Calculate the remainder when 176641078 is divided by 1176.
1174
What is the remainder when 2199967 is divided by 7096?
207
What is the remainder when 489456 is divided by 2896?
32
Calculate the remainder when 5910631 is divided by 318.
283
What is the remainder when 50424 is divided by 24922?
580
Calculate the remainder when 4154803 is divided by 80.
3
What is the remainder when 3551354 is divided by 507334?
16
What is the remainder when 67079628 is divided by 239570?
28
What is the remainder when 114821 is divided by 1823?
1795
What is the remainder when 5157381 is divided by 285?
21
Calculate the remainder when 9045893 is divided by 38.
31
Calculate the remainder when 251355871 is divided by 141370.
11
What is the remainder when 1910398 is divided by 43?
37
What is the remainder when 6259408 is divided by 485?
483
What is the remainder when 2663787 is divided by 169?
9
What is the remainder when 143692 is divided by 15881?
763
Calculate the remainder when 234650 is divided by 78116.
302
Calculate the remainder when 247356803 is divided by 23.
14
Calculate the remainder when 989821149 is divided by 2616.
2613
What is the remainder when 154841 is divided by 491?
176
Calculate the remainder when 466898 is divided by 265.
233
Calculate the remainder when 116375586 is divided by 17.
12
Calculate the remainder when 14074803 is divided by 62.
59
Calculate the remainder when 6251956 is divided by 63794.
144
What is the remainder when 16268 is divided by 5358?
194
What is the remainder when 2733840 is divided by 4564?
4
Calculate the remainder when 4504077 is divided by 7016.
6821
What is the remainder when 542721 is divided by 124?
97
What is the remainder when 251959200 is divided by 10364?
10360
Calculate the remainder when 8642601 is divided by 508387.
22
Calculate the remainder when 26212672 is divided by 106.
38
What is the remainder when 744769 is divided by 1258?
33
Calculate the remainder when 5164022 is divided by 1016.
710
Calculate the remainder when 8900732 is divided by 416.
412
What is the remainder when 26659798 is divided by 9?
7
What is the remainder when 1359679 is divided by 1359679?
0
What is the remainder when 7852255 is divided by 723?
475
What is the remainder when 674274 is divided by 2837?
1905
What is the remainder when 764640 is divided by 346?
326
Calculate the remainder when 142634 is divided by 905.
549
What is the remainder when 467785 is divided by 18942?
13177
What is the remainder when 6929 is divided by 2592?
1745
Calculate the remainder when 2510519 is divided by 836127.
2138
Calculate the remainder when 361182 is divided by 17193.
129
Calculate the remainder when 7207475 is divided by 3603729.
17
Calculate the remainder when 36155 is divided by 36009.
146
What is the remainder when 89636 is divided by 648?
212
Calculate the remainder when 96454739 is divided by 96454713.
26
What is the remainder when 35986545 is divided by 55?
45
What is the remainder when 150630 is divided by 37651?
26
What is the remainder when 7865446 is divided by 19184?
6
What is the remainder when 3867065 is divided by 3697?
3
What is the remainder when 521536 is divided by 201?
142
Calculate the remainder when 651364 is divided by 5483.
4370
Calculate the remainder when 8655 is divided by 2695.
570
What is the remainder when 7399155 is divided by 1481?
79
What is the remainder when 6118383 is divided by 1915?
1873
Calculate the remainder when 344140 is divided by 22.
16
What is the remainder when 350627 is divided by 533?
446
What is the remainder when 28256 is divided by 1311?
725
What is the remainder when 8817147 is divided by 5079?
3
What is the remainder when 694730 is divided by 36544?
394
What is the remainder when 29798 is divided by 14858?
82
What is the remainder when 232788 is divided by 5059?
74
What is the remainder when 22075 is divided by 3676?
19
What is the remainder when 434663168 is divided by 144887722?
2
Calculate the remainder when 3545019 is divided by 86.
13
Calculate the remainder when 10505788 is divided by 64.
60
Calculate the remainder when 5948781 is divided by 676.
657
What is the remainder when 189829331 is divided by 196?
195
What is the remainder when 14149226 is divided by 4401?
11
Calculate the remainder when 38896 is divided by 1160.
616
Calculate the remainder when 1102483 is divided by 878.
593
Calculate the remainder when 1515852 is divided by 6.
0
What is the remainder when 26675430 is divided by 87?
12
What is the remainder when 208225 is divided by 3600?
3025
What is the remainder when 1417495 is divided by 1448?
1351
Calculate the remainder when 3665 is divided by 2871.
794
What is the remainder when 4182842 is divided by 9193?
27
What is the remainder when 835524 is divided by 6189?
9
Calculate the remainder when 580895 is divided by 290319.
257
What is the remainder when 196299 is divided by 94341?
7617
What is the remainder when 29360 is divided by 14331?
698
What is the remainder when 1947056 is divided by 646?
12
What is the remainder when 307546 is divided by 16163?
449
What is the remainder when 3324535 is divided by 608?
599
Calculate the remainder when 1365906 is divided by 455271.
93
Calculate the remainder when 560968 is divided by 80131.
51
Calculate the remainder when 11863306 is divided by 69376.
10
Calculate the remainder when 51016359 is divided by 64.
39
What is the remainder when 80627 is divided by 15618?
2537
What is the remainder when 201180 is divided by 40176?
300
Calculate the remainder when 140294 is divided by 38.
36
What is the remainder when 4348173 is divided by 4348104?
69
Calculate the remainder when 15024641 is divided by 182.
177
What is the remainder when 159900926 is divided by 67?
66
Calculate the remainder when 287647 is divided by 57502.
137
Calculate the remainder when 2355959 is divided by 1740.
1739
What is the remainder when 16864 is divided by 201?
181
What is the remainder when 44645 is divided by 42881?
1764
Calculate the remainder when 521873 is divided by 10872.
17
Calculate the remainder when 559739 is divided by 511.
194
Calculate the remainder when 55548372 is divided by 1430.
22
What is the remainder when 4182307 is divided by 2?
1
What is the remainder when 338251 is divided by 39?
4
Calculate the remainder when 266782 is divided by 149.
72
What is the remainder when 4331596 is divided by 22?
16
What is the remainder when 3007053 is divided by 184?
125
Calculate the remainder when 216502 is divided by 108168.
166
What is the remainder when 211019 is divided by 8093?
601
Calculate the remainder when 8185 is divided by 219.
82
Calculate the remainder when 119148 is divided by 119147.
1
Calculate the remainder when 45570599 is divided by 29.
28
Calculate the remainder when 202083 is divided by 28855.
98
What is the remainder when 362643 is divided by 184?
163
What is the remainder when 8910220 is divided by 20916?
4
What is the remainder when 11720219 is divided by 1465025?
19
Wha